{"id":121,"date":"2018-10-24T06:53:56","date_gmt":"2018-10-24T06:53:56","guid":{"rendered":"https:\/\/masmundomaspaismasinclusion.org\/home\/?page_id=121"},"modified":"2025-09-25T22:38:41","modified_gmt":"2025-09-25T22:38:41","slug":"fundacion","status":"publish","type":"page","link":"https:\/\/masmundomaspaismasinclusion.org\/home\/fundacion\/","title":{"rendered":"Fundaci\u00f3n"},"content":{"rendered":"<p>[vc_row][vc_column css=\u00bb.vc_custom_1475633812479{padding-right: 80px !important;}\u00bb el_class=\u00bbno-padding-xs\u00bb][vc_empty_space height=\u00bb50px\u00bb][vc_text_separator title=\u00bbINICIO DE NUESTRO ORIGEN\u00bb color=\u00bbcustom\u00bb border_width=\u00bb2&#8243;][vc_column_text]<\/p>\n<p style=\"text-align: center;\">\u2728<strong>Del dolor nace la esperanza, y de la p\u00e9rdida surge la vida.<\/strong><br \/>Nuestra historia comenz\u00f3 con un hecho doloroso: el 4 de abril de 2010, en un accidente de tr\u00e1nsito en La Josefina (Antioquia), perdimos a un hijo, hermano, t\u00edo, amigo y \u00e1ngel: Albert Duv\u00e1n Mu\u00f1oz Marulanda, su partida nos dej\u00f3 un vac\u00edo, pero tambi\u00e9n nos inspir\u00f3 a transformar ese dolor; con nuestra trayectoria como l\u00edder, contratista lo pusimos al servicio de la comunidad en un prop\u00f3sito de mantener vivo su legado y multiplicar el impacto de su bondad en la sociedad, El d\u00eda Nueve (9) de Octubre de 2017 naci\u00f3 oficialmente nuestra fundaci\u00f3n; una organizaci\u00f3n que lleva en su esencia los valores que Albert sembr\u00f3; amor por la naturaleza, solidaridad, deporte, inclusi\u00f3n y la capacidad de unir a las personas en torno a un sue\u00f1o com\u00fan con Sigla: M\u00e1s Mundo M\u00e1s Pa\u00eds M\u00e1s Inclusi\u00f3n.<\/p>\n<p style=\"text-align: center;\"><br \/>Desde Bogot\u00e1 nuestra sede principal trabajamos en diversas ciudades de Colombia y hemos construido alianzas internacionales con: Organizaciones de Ecuador (FED \u2013 Fondo Ecuatoriano para el Desarrollo), Fundaci\u00f3n CAIMYFI (centro de atenci\u00f3n integral a la mujer y la familia en Ecuador \u00abLinea Purpura y Emprendimiento\u00ab), Empresas privadas; en la ciudad de Panam\u00e1 (Panam\u00e1) , otras entidades que creen en nuestra causa, Empresas y entidades sociales en diferentes partes del territorio de Colombia; en ejecuci\u00f3n y alianzas estrat\u00e9gicas, Empresas en E.E.U.U. de apoyo a proyectos en alianzas entregadas en proyectos de infraestructura.<\/p>\n<p style=\"text-align: center;\"><br \/>Cada aniversario, su recuerdo nos re\u00fane y nos impulsa a seguir adelante, con el compromiso de ofrecer a las nuevas generaciones la oportunidad de so\u00f1ar y crecer en un entorno m\u00e1s justo, solidario e incluyente.<br \/><strong>\u2728\u2728Porque de una vida que parti\u00f3, naci\u00f3 una misi\u00f3n.<\/strong><\/p>\n<p>[\/vc_column_text][vc_empty_space height=\u00bb30px\u00bb][vc_text_separator title=\u00bbMISI\u00d3N\u00bb color=\u00bbcustom\u00bb border_width=\u00bb2&#8243;][vc_column_text]<\/p>\n<p style=\"text-align: center;\">Nuestra misi\u00f3n naci\u00f3 con un prop\u00f3sito claro: transformar el dolor en esperanza y la solidaridad en acci\u00f3n.<\/p>\n<p style=\"text-align: center;\">Desde 2018, la fundaci\u00f3n ha trabajado para consolidar su sede, trazar la ruta de sus proyectos y fortalecer su compromiso con el trabajo humanitario, desarrollando programas que generan impacto real en las comunidades con proyectos como hogares de acogidas para mujeres, ni\u00f1os\u00a0 y familias, apoyo en emprendimiento unidades productivas, ejecuci\u00f3n de infraestructuras. capacitaci\u00f3n, brigadas de alianza entre otros.<\/p>\n<p style=\"text-align: center;\">Uno de nuestros pilares es el programa \u201c<strong>Bonos Un Pedacito de Amor<\/strong>\u201d, una forma transparente y solidaria de canalizar el apoyo.<\/p>\n<p style=\"text-align: center;\">Nuestro eje de acci\u00f3n\u00a0 es generar recordaci\u00f3n como marca solidaria y ampliando alianzas estrat\u00e9gicas para la consecuci\u00f3n de donaciones y el desarrollo de programas de emprendimiento social; creemos firmemente que el n\u00facleo familiar es la base de una sociedad equitativa , justa y estable. Por eso, cada proyecto busca inspirar responsabilidad, uni\u00f3n y felicidad compartida, conectando a las personas entre s\u00ed, con la naturaleza y con el medio ambiente, para que cada capacidad individual se convierta en una oportunidad de transformaci\u00f3n colectiva.<\/p>\n<p>[\/vc_column_text][vc_empty_space height=\u00bb30px\u00bb][vc_text_separator title=\u00bbVISI\u00d3N\u00bb color=\u00bbcustom\u00bb border_width=\u00bb2&#8243;][vc_column_text]<\/p>\n<p style=\"text-align: center;\">Nos proyectamos como una de las fundaciones m\u00e1s reconocidas en Am\u00e9rica Latina, siendo pilar de transformaci\u00f3n social y referente en la construcci\u00f3n de un futuro m\u00e1s justo e incluyente.<\/p>\n<p style=\"text-align: center;\"><br \/>Nuestro compromiso para el a\u00f1o 2035 es trabajar de la mano con organismos internacionales como Naciones Unidas y el Banco Mundial, as\u00ed como con entidades gubernamentales y no gubernamentales, empresas privadas para fortalecer programas sociales e infraestructurales que impacten de manera real en la vida de las comunidades.<\/p>\n<p style=\"text-align: center;\"><br \/>La visi\u00f3n que nos gu\u00eda se basa en la contribuci\u00f3n y creaci\u00f3n de pilares equitativos sostenibles que fortalezcan directamente al ser humano en reducci\u00f3n de la pobreza, la generaci\u00f3n de oportunidades y el fortalecimiento del tejido humano ,social en cada pa\u00eds donde hacemos presencia.<\/p>\n<p style=\"text-align: center;\"><br \/>Queremos ser reconocidos NO solo por lo que hacemos, sino por c\u00f3mo lo hacemos con solidez, eficiencia y un profundo sentido humano respetando al otro.<\/p>\n<p>[\/vc_column_text][vc_empty_space height=\u00bb30px\u00bb][vc_text_separator title=\u00bbNUESTROS PRINCIPIOS Y\/O VALORES \u00bb color=\u00bbcustom\u00bb border_width=\u00bb2&#8243;][vc_empty_space height=\u00bb10px\u00bb][\/vc_column][\/vc_row][vc_row][vc_column width=\u00bb1\/3&#8243;][vc_single_image image=\u00bb111&#8243; alignment=\u00bbcenter\u00bb title=\u00bbTrabajo en Equipo\u00bb][vc_column_text]El trabajo en equipo es uno de nuestros pilares fundamentales. Contamos con un grupo interdisciplinario que, desde diferentes visiones y talentos, camina unido hacia un mismo prop\u00f3sito: servir y transformar realidades.<br \/>Nuestra fuerza est\u00e1 en la uni\u00f3n, porque creemos que al fortalecer al ser humano y sus talentos , la sociedad, las comunidades, las familias, tendr\u00e1n un mejor futuro y un equilibrio auto sostenible y aut\u00f3nomo.<br \/>Juntos logramos m\u00e1s, porque la verdadera transformaci\u00f3n nace de la colaboraci\u00f3n.[\/vc_column_text][\/vc_column][vc_column width=\u00bb1\/3&#8243;][vc_single_image image=\u00bb111&#8243; alignment=\u00bbcenter\u00bb title=\u00bbPersistencia\u00bb][vc_column_text]La persistencia es el motor que nos impulsa a cumplir nuestros sue\u00f1os y llevar a cabo la finalidad de nuestra misi\u00f3n como seres humanos y sociedad, es la lucha constante por alcanzar metas y servir al otro de manera integral y sostenible en el tiempo.<br \/>Creemos que cada acci\u00f3n solidaria es como una semilla sembrada: con cuidado y dedicaci\u00f3n, se convierte en un \u00e1rbol que luego forma parte de un bosque.<br \/>As\u00ed es nuestro trabajo: dejar huella en cada espacio, crecer en comunidad y construir un legado que perdure, porque la persistencia transforma peque\u00f1os actos en grande.[\/vc_column_text][\/vc_column][vc_column width=\u00bb1\/3&#8243;][vc_single_image image=\u00bb110&#8243; alignment=\u00bbcenter\u00bb title=\u00bbNuestro Ser\u00bb][vc_column_text]Creemos que fortalecer al ser humano es la base para transformar entornos familiares , comunitarios y sociales.<br \/>Nuestro prop\u00f3sito es claro: formar mejores seres humanos , hijos, mejores padres, mejores profesionales y en consecuencia, mejores comunidades y sociedades porque cuando una persona crece, todos crecemos.<br \/>Fortalecer al ser humano es sembrar futuro y construir sociedades m\u00e1s justas y solidarias . equitativas autos sustentables, sostenibles en el tiempo.[\/vc_column_text][\/vc_column][\/vc_row][vc_row][vc_column width=\u00bb1\/3&#8243;][vc_single_image image=\u00bb106&#8243; alignment=\u00bbcenter\u00bb title=\u00bbNuestro Saber\u00bb][vc_column_text]Somos una fundaci\u00f3n sin \u00e1nimo de lucro, que trabaja con amor, compromiso y solidaridad. Nuestra misi\u00f3n, metas, objetivos se cumplen gracias a las donaciones y a nuestro programa \u201c<strong>Un Pedacito de Amor<\/strong>\u201d, a trav\u00e9s del cual llevamos esperanza y transformaci\u00f3n a quienes m\u00e1s lo necesitan y ejecuci\u00f3n de proyectos de orden local e internacional. Con la ayuda de patronos, voluntarios y donaciones en especie o en dinero, seguimos creciendo y expandiendo nuestro alcance para estar presentes en cada lugar donde nuestra labor sea necesaria, la participaci\u00f3n en procesos de licitaci\u00f3n alianza, p\u00fablico privadas, la venta de accesorios de nuestra marca y los productos fabricados en nuestros emprendimientos.[\/vc_column_text][\/vc_column][vc_column width=\u00bb1\/3&#8243;][vc_single_image image=\u00bb111&#8243; alignment=\u00bbcenter\u00bb title=\u00bbProp\u00f3sitos\u00bb][vc_column_text]Nuestro prop\u00f3sito es consolidarnos como una fundaci\u00f3n con trabajo integral, dedicada a fortalecer al ser humano y sus entornos en todas sus dimensiones.<br \/>Creemos que al apoyar al n\u00facleo familiar construimos una sociedad m\u00e1s justa, solidaria y consciente del cuidado del medio ambiente y sus recursos, generando estabilidad y bienestar en cada comunidad.<br \/>Para lograrlo, impulsamos proyectos como: Reubicaci\u00f3n a territorios a comunidades, pueblos ancestrales, familias , ni\u00f1os, mujeres y otros a territorios vulnerables. Donaci\u00f3n de insumos a quienes m\u00e1s lo necesitan.<br \/>Creaci\u00f3n de salas cunas para la primera infancia , hogares de acogida, comedores comunitarios entre otros. Unidades productivas y programas de emprendimiento que generan <br \/>oportunidades reales, capacitaci\u00f3n, acompa\u00f1amiento, apoyo estructural a mujeres, ni\u00f1os y poblaciones, e infraestructuras.<br \/>Nuestro prop\u00f3sito es dejar huella en cada vida, fortaleciendo familias y sembrando futuro para toda la sociedad.<span style=\"font-size: inherit;\">[\/vc_column_text][\/vc_column][vc_column width=\u00bb1\/3&#8243;][vc_single_image image=\u00bb110&#8243; alignment=\u00bbcenter\u00bb title=\u00bbTratamiento de Datos\u00bb][vc_column_text]<\/span>La confianza de nuestros donantes y beneficiarios es un valor sagrado para nuestra fundaci\u00f3n realizando una debida diligencia a cada convenio y donaci\u00f3n. Por eso, toda la informaci\u00f3n que recibimos es tratada de manera confidencial y con absoluta rigurosidad, almacenada en bases de datos internas que cumplen con los m\u00e1s altos protocolos de seguridad cumpliendo las normas establecidas tanto locales como internacionales .Al mismo tiempo, garantizamos la transparencia dejando los soportes necesarios para procesos de contabilidad, entidades bancarias y organismos de control, asegurando as\u00ed el buen uso de cada recurso como la procedencia de dineros, propiedad y otros. l\u00edcitas con cadenas de investigaciones judiciales sin ning\u00fan tipo de problema. Porque la transparencia y la protecci\u00f3n de los datos son la base de nuestra credibilidad y nuestro legado social.[\/vc_column][\/vc_row]<\/p>\n\n\n<p><\/p>\n","protected":false},"excerpt":{"rendered":"<p>[vc_row][vc_column css=\u00bb.vc_custom_1475633812479{padding-right: 80px !important;}\u00bb el_class=\u00bbno-padding-xs\u00bb][vc_empty_space height=\u00bb50px\u00bb][vc_text_separator title=\u00bbINICIO DE NUESTRO ORIGEN\u00bb color=\u00bbcustom\u00bb border_width=\u00bb2&#8243;][vc_column_text] \u2728Del dolor nace la esperanza, y de la p\u00e9rdida surge la vida.Nuestra historia comenz\u00f3 con un hecho doloroso: el 4 de abril de 2010, en un accidente de tr\u00e1nsito en La Josefina (Antioquia), perdimos a un hijo, hermano, t\u00edo, amigo y \u00e1ngel: Albert Duv\u00e1n Mu\u00f1oz Marulanda, su partida nos dej\u00f3 un vac\u00edo, pero tambi\u00e9n nos inspir\u00f3 a transformar ese dolor; con nuestra trayectoria como l\u00edder, contratista lo pusimos al servicio de la comunidad en un prop\u00f3sito de mantener vivo su legado y multiplicar el impacto de su bondad en la sociedad, El d\u00eda Nueve (9) de Octubre de 2017 naci\u00f3 oficialmente nuestra fundaci\u00f3n; una organizaci\u00f3n que lleva en su esencia los valores que Albert sembr\u00f3; amor por la naturaleza, solidaridad, deporte, inclusi\u00f3n y la capacidad de unir a las personas en torno a un sue\u00f1o com\u00fan con Sigla: M\u00e1s Mundo M\u00e1s Pa\u00eds M\u00e1s Inclusi\u00f3n. Desde Bogot\u00e1 nuestra sede principal trabajamos en diversas ciudades de Colombia y hemos construido alianzas internacionales con: Organizaciones de Ecuador (FED \u2013 Fondo Ecuatoriano para el Desarrollo), Fundaci\u00f3n CAIMYFI (centro de atenci\u00f3n integral a la mujer y la familia en Ecuador \u00abLinea Purpura y Emprendimiento\u00ab), Empresas privadas; en la ciudad de Panam\u00e1 (Panam\u00e1) , otras entidades que creen en nuestra causa, Empresas y entidades sociales en diferentes partes del territorio de Colombia; en ejecuci\u00f3n y alianzas estrat\u00e9gicas, Empresas en E.E.U.U. de apoyo a proyectos en alianzas entregadas en proyectos de infraestructura. Cada aniversario, su recuerdo nos re\u00fane y nos impulsa a seguir adelante, con el compromiso de ofrecer a las nuevas generaciones la oportunidad de so\u00f1ar y crecer en un entorno m\u00e1s justo, solidario e incluyente.\u2728\u2728Porque de una vida que parti\u00f3, naci\u00f3 una misi\u00f3n. [\/vc_column_text][vc_empty_space height=\u00bb30px\u00bb][vc_text_separator title=\u00bbMISI\u00d3N\u00bb color=\u00bbcustom\u00bb border_width=\u00bb2&#8243;][vc_column_text] Nuestra misi\u00f3n naci\u00f3 con un prop\u00f3sito claro: transformar el dolor en esperanza y la solidaridad en acci\u00f3n. Desde 2018, la fundaci\u00f3n ha trabajado para consolidar su sede, trazar la ruta de sus proyectos y fortalecer su compromiso con el trabajo humanitario, desarrollando programas que generan impacto real en las comunidades con proyectos como hogares de [&hellip;]<\/p>\n","protected":false},"author":1,"featured_media":0,"parent":0,"menu_order":0,"comment_status":"closed","ping_status":"closed","template":"","meta":{"footnotes":""},"class_list":["post-121","page","type-page","status-publish","hentry"],"_links":{"self":[{"href":"https:\/\/masmundomaspaismasinclusion.org\/home\/wp-json\/wp\/v2\/pages\/121","targetHints":{"allow":["GET"]}}],"collection":[{"href":"https:\/\/masmundomaspaismasinclusion.org\/home\/wp-json\/wp\/v2\/pages"}],"about":[{"href":"https:\/\/masmundomaspaismasinclusion.org\/home\/wp-json\/wp\/v2\/types\/page"}],"author":[{"embeddable":true,"href":"https:\/\/masmundomaspaismasinclusion.org\/home\/wp-json\/wp\/v2\/users\/1"}],"replies":[{"embeddable":true,"href":"https:\/\/masmundomaspaismasinclusion.org\/home\/wp-json\/wp\/v2\/comments?post=121"}],"version-history":[{"count":49,"href":"https:\/\/masmundomaspaismasinclusion.org\/home\/wp-json\/wp\/v2\/pages\/121\/revisions"}],"predecessor-version":[{"id":348,"href":"https:\/\/masmundomaspaismasinclusion.org\/home\/wp-json\/wp\/v2\/pages\/121\/revisions\/348"}],"wp:attachment":[{"href":"https:\/\/masmundomaspaismasinclusion.org\/home\/wp-json\/wp\/v2\/media?parent=121"}],"curies":[{"name":"wp","href":"https:\/\/api.w.org\/{rel}","templated":true}]}}

Fundación

<p>[vc_row][vc_column css=».vc_custom_1475633812479{padding-right: 80px !important;}» el_class=»no-padding-xs»][vc_empty_space height=»50px»][vc_text_separator title=»INICIO DE NUESTRO ORIGEN» color=»custom» border_width=»2&#8243;][vc_column_text]</p>
<p style="text-align: center;">✨<strong>Del dolor nace la esperanza, y de la pérdida surge la vida.</strong><br />Nuestra historia comenzó con un hecho doloroso: el 4 de abril de 2010, en un accidente de tránsito en La Josefina (Antioquia), perdimos a un hijo, hermano, tío, amigo y ángel: Albert Duván Muñoz Marulanda, su partida nos dejó un vacío, pero también nos inspiró a transformar ese dolor; con nuestra trayectoria como líder, contratista lo pusimos al servicio de la comunidad en un propósito de mantener vivo su legado y multiplicar el impacto de su bondad en la sociedad, El día Nueve (9) de Octubre de 2017 nació oficialmente nuestra fundación; una organización que lleva en su esencia los valores que Albert sembró; amor por la naturaleza, solidaridad, deporte, inclusión y la capacidad de unir a las personas en torno a un sueño común con Sigla: Más Mundo Más País Más Inclusión.</p>
<p style="text-align: center;"><br />Desde Bogotá nuestra sede principal trabajamos en diversas ciudades de Colombia y hemos construido alianzas internacionales con: Organizaciones de Ecuador (FED – Fondo Ecuatoriano para el Desarrollo), Fundación CAIMYFI (centro de atención integral a la mujer y la familia en Ecuador «Linea Purpura y Emprendimiento«), Empresas privadas; en la ciudad de Panamá (Panamá) , otras entidades que creen en nuestra causa, Empresas y entidades sociales en diferentes partes del territorio de Colombia; en ejecución y alianzas estratégicas, Empresas en E.E.U.U. de apoyo a proyectos en alianzas entregadas en proyectos de infraestructura.</p>
<p style="text-align: center;"><br />Cada aniversario, su recuerdo nos reúne y nos impulsa a seguir adelante, con el compromiso de ofrecer a las nuevas generaciones la oportunidad de soñar y crecer en un entorno más justo, solidario e incluyente.<br /><strong>✨✨Porque de una vida que partió, nació una misión.</strong></p>
<p>[/vc_column_text][vc_empty_space height=»30px»][vc_text_separator title=»MISIÓN» color=»custom» border_width=»2&#8243;][vc_column_text]</p>
<p style="text-align: center;">Nuestra misión nació con un propósito claro: transformar el dolor en esperanza y la solidaridad en acción.</p>
<p style="text-align: center;">Desde 2018, la fundación ha trabajado para consolidar su sede, trazar la ruta de sus proyectos y fortalecer su compromiso con el trabajo humanitario, desarrollando programas que generan impacto real en las comunidades con proyectos como hogares de acogidas para mujeres, niños  y familias, apoyo en emprendimiento unidades productivas, ejecución de infraestructuras. capacitación, brigadas de alianza entre otros.</p>
<p style="text-align: center;">Uno de nuestros pilares es el programa “<strong>Bonos Un Pedacito de Amor</strong>”, una forma transparente y solidaria de canalizar el apoyo.</p>
<p style="text-align: center;">Nuestro eje de acción  es generar recordación como marca solidaria y ampliando alianzas estratégicas para la consecución de donaciones y el desarrollo de programas de emprendimiento social; creemos firmemente que el núcleo familiar es la base de una sociedad equitativa , justa y estable. Por eso, cada proyecto busca inspirar responsabilidad, unión y felicidad compartida, conectando a las personas entre sí, con la naturaleza y con el medio ambiente, para que cada capacidad individual se convierta en una oportunidad de transformación colectiva.</p>
<p>[/vc_column_text][vc_empty_space height=»30px»][vc_text_separator title=»VISIÓN» color=»custom» border_width=»2&#8243;][vc_column_text]</p>
<p style="text-align: center;">Nos proyectamos como una de las fundaciones más reconocidas en América Latina, siendo pilar de transformación social y referente en la construcción de un futuro más justo e incluyente.</p>
<p style="text-align: center;"><br />Nuestro compromiso para el año 2035 es trabajar de la mano con organismos internacionales como Naciones Unidas y el Banco Mundial, así como con entidades gubernamentales y no gubernamentales, empresas privadas para fortalecer programas sociales e infraestructurales que impacten de manera real en la vida de las comunidades.</p>
<p style="text-align: center;"><br />La visión que nos guía se basa en la contribución y creación de pilares equitativos sostenibles que fortalezcan directamente al ser humano en reducción de la pobreza, la generación de oportunidades y el fortalecimiento del tejido humano ,social en cada país donde hacemos presencia.</p>
<p style="text-align: center;"><br />Queremos ser reconocidos NO solo por lo que hacemos, sino por cómo lo hacemos con solidez, eficiencia y un profundo sentido humano respetando al otro.</p>
<p>[/vc_column_text][vc_empty_space height=»30px»][vc_text_separator title=»NUESTROS PRINCIPIOS Y/O VALORES » color=»custom» border_width=»2&#8243;][vc_empty_space height=»10px»][/vc_column][/vc_row][vc_row][vc_column width=»1/3&#8243;][vc_single_image image=»111&#8243; alignment=»center» title=»Trabajo en Equipo»][vc_column_text]El trabajo en equipo es uno de nuestros pilares fundamentales. Contamos con un grupo interdisciplinario que, desde diferentes visiones y talentos, camina unido hacia un mismo propósito: servir y transformar realidades.<br />Nuestra fuerza está en la unión, porque creemos que al fortalecer al ser humano y sus talentos , la sociedad, las comunidades, las familias, tendrán un mejor futuro y un equilibrio auto sostenible y autónomo.<br />Juntos logramos más, porque la verdadera transformación nace de la colaboración.[/vc_column_text][/vc_column][vc_column width=»1/3&#8243;][vc_single_image image=»111&#8243; alignment=»center» title=»Persistencia»][vc_column_text]La persistencia es el motor que nos impulsa a cumplir nuestros sueños y llevar a cabo la finalidad de nuestra misión como seres humanos y sociedad, es la lucha constante por alcanzar metas y servir al otro de manera integral y sostenible en el tiempo.<br />Creemos que cada acción solidaria es como una semilla sembrada: con cuidado y dedicación, se convierte en un árbol que luego forma parte de un bosque.<br />Así es nuestro trabajo: dejar huella en cada espacio, crecer en comunidad y construir un legado que perdure, porque la persistencia transforma pequeños actos en grande.[/vc_column_text][/vc_column][vc_column width=»1/3&#8243;][vc_single_image image=»110&#8243; alignment=»center» title=»Nuestro Ser»][vc_column_text]Creemos que fortalecer al ser humano es la base para transformar entornos familiares , comunitarios y sociales.<br />Nuestro propósito es claro: formar mejores seres humanos , hijos, mejores padres, mejores profesionales y en consecuencia, mejores comunidades y sociedades porque cuando una persona crece, todos crecemos.<br />Fortalecer al ser humano es sembrar futuro y construir sociedades más justas y solidarias . equitativas autos sustentables, sostenibles en el tiempo.[/vc_column_text][/vc_column][/vc_row][vc_row][vc_column width=»1/3&#8243;][vc_single_image image=»106&#8243; alignment=»center» title=»Nuestro Saber»][vc_column_text]Somos una fundación sin ánimo de lucro, que trabaja con amor, compromiso y solidaridad. Nuestra misión, metas, objetivos se cumplen gracias a las donaciones y a nuestro programa “<strong>Un Pedacito de Amor</strong>”, a través del cual llevamos esperanza y transformación a quienes más lo necesitan y ejecución de proyectos de orden local e internacional. Con la ayuda de patronos, voluntarios y donaciones en especie o en dinero, seguimos creciendo y expandiendo nuestro alcance para estar presentes en cada lugar donde nuestra labor sea necesaria, la participación en procesos de licitación alianza, público privadas, la venta de accesorios de nuestra marca y los productos fabricados en nuestros emprendimientos.[/vc_column_text][/vc_column][vc_column width=»1/3&#8243;][vc_single_image image=»111&#8243; alignment=»center» title=»Propósitos»][vc_column_text]Nuestro propósito es consolidarnos como una fundación con trabajo integral, dedicada a fortalecer al ser humano y sus entornos en todas sus dimensiones.<br />Creemos que al apoyar al núcleo familiar construimos una sociedad más justa, solidaria y consciente del cuidado del medio ambiente y sus recursos, generando estabilidad y bienestar en cada comunidad.<br />Para lograrlo, impulsamos proyectos como: Reubicación a territorios a comunidades, pueblos ancestrales, familias , niños, mujeres y otros a territorios vulnerables. Donación de insumos a quienes más lo necesitan.<br />Creación de salas cunas para la primera infancia , hogares de acogida, comedores comunitarios entre otros. Unidades productivas y programas de emprendimiento que generan <br />oportunidades reales, capacitación, acompañamiento, apoyo estructural a mujeres, niños y poblaciones, e infraestructuras.<br />Nuestro propósito es dejar huella en cada vida, fortaleciendo familias y sembrando futuro para toda la sociedad.<span style="font-size: inherit;">[/vc_column_text][/vc_column][vc_column width=»1/3&#8243;][vc_single_image image=»110&#8243; alignment=»center» title=»Tratamiento de Datos»][vc_column_text]</span>La confianza de nuestros donantes y beneficiarios es un valor sagrado para nuestra fundación realizando una debida diligencia a cada convenio y donación. Por eso, toda la información que recibimos es tratada de manera confidencial y con absoluta rigurosidad, almacenada en bases de datos internas que cumplen con los más altos protocolos de seguridad cumpliendo las normas establecidas tanto locales como internacionales .Al mismo tiempo, garantizamos la transparencia dejando los soportes necesarios para procesos de contabilidad, entidades bancarias y organismos de control, asegurando así el buen uso de cada recurso como la procedencia de dineros, propiedad y otros. lícitas con cadenas de investigaciones judiciales sin ningún tipo de problema. Porque la transparencia y la protección de los datos son la base de nuestra credibilidad y nuestro legado social.[/vc_column][/vc_row]</p>


<p></p>

<p>[vc_row][vc_column css=».vc_custom_1475633812479{padding-right: 80px !important;}» el_class=»no-padding-xs»][vc_empty_space height=»50px»][vc_text_separator title=»INICIO DE NUESTRO ORIGEN» color=»custom» border_width=»2&#8243;][vc_column_text] ✨Del dolor nace la esperanza, y de la pérdida surge la vida.Nuestra historia comenzó con un hecho doloroso: el 4 de abril de 2010, en un accidente de tránsito en La Josefina (Antioquia), perdimos a un hijo, hermano, tío, amigo y ángel: Albert Duván Muñoz Marulanda, su partida nos dejó un vacío, pero también nos inspiró a transformar ese dolor; con nuestra trayectoria como líder, contratista lo pusimos al servicio de la comunidad en un propósito de mantener vivo su legado y multiplicar el impacto de su bondad en la sociedad, El día Nueve (9) de Octubre de 2017 nació oficialmente nuestra fundación; una organización que lleva en su esencia los valores que Albert sembró; amor por la naturaleza, solidaridad, deporte, inclusión y la capacidad de unir a las personas en torno a un sueño común con Sigla: Más Mundo Más País Más Inclusión. Desde Bogotá nuestra sede principal trabajamos en diversas ciudades de Colombia y hemos construido alianzas internacionales con: Organizaciones de Ecuador (FED – Fondo Ecuatoriano para el Desarrollo), Fundación CAIMYFI (centro de atención integral a la mujer y la familia en Ecuador «Linea Purpura y Emprendimiento«), Empresas privadas; en la ciudad de Panamá (Panamá) , otras entidades que creen en nuestra causa, Empresas y entidades sociales en diferentes partes del territorio de Colombia; en ejecución y alianzas estratégicas, Empresas en E.E.U.U. de apoyo a proyectos en alianzas entregadas en proyectos de infraestructura. Cada aniversario, su recuerdo nos reúne y nos impulsa a seguir adelante, con el compromiso de ofrecer a las nuevas generaciones la oportunidad de soñar y crecer en un entorno más justo, solidario e incluyente.✨✨Porque de una vida que partió, nació una misión. [/vc_column_text][vc_empty_space height=»30px»][vc_text_separator title=»MISIÓN» color=»custom» border_width=»2&#8243;][vc_column_text] Nuestra misión nació con un propósito claro: transformar el dolor en esperanza y la solidaridad en acción. Desde 2018, la fundación ha trabajado para consolidar su sede, trazar la ruta de sus proyectos y fortalecer su compromiso con el trabajo humanitario, desarrollando programas que generan impacto real en las comunidades con proyectos como hogares de [&hellip;]</p>
