{"id":31,"date":"2018-10-17T23:29:03","date_gmt":"2018-10-17T23:29:03","guid":{"rendered":"https:\/\/masmundomaspaismasinclusion.org\/home\/?page_id=31"},"modified":"2025-09-29T21:51:43","modified_gmt":"2025-09-29T21:51:43","slug":"prueba","status":"publish","type":"page","link":"https:\/\/masmundomaspaismasinclusion.org\/home\/","title":{"rendered":"Inicio"},"content":{"rendered":"<p style=\"text-align: center;\">[vc_row full_width=\u00bbstretch_row_content_no_spaces\u00bb][vc_column][layerslider_vc id=\u00bb1&#8243;][\/vc_column][\/vc_row][vc_row][vc_column css=\u00bb.vc_custom_1475633812479{padding-right: 80px !important;}\u00bb el_class=\u00bbno-padding-xs\u00bb][vc_empty_space height=\u00bb50px\u00bb][vc_text_separator title=\u00bb\ud83c\udf1f NUESTROS SERVICIOS\u00bb color=\u00bbcustom\u00bb border_width=\u00bb2&#8243;][vc_column_text]<\/p>\n<p>\u00a0<\/p>\n<p data-start=\"153\" data-end=\"365\">En nuestra fundaci\u00f3n entendemos que <strong data-start=\"189\" data-end=\"214\">servir es transformar<\/strong>. Por eso, cada uno de nuestros servicios est\u00e1 pensado para generar impacto social, fortalecer comunidades y dejar un legado sostenible en el tiempo.<\/p>\n<p data-start=\"367\" data-end=\"682\">\ud83d\udd39 <strong data-start=\"370\" data-end=\"424\">Prestaci\u00f3n de servicios, ejecuci\u00f3n e interventor\u00eda<\/strong><br data-start=\"424\" data-end=\"427\" \/>Desarrollamos y acompa\u00f1amos proyectos en diferentes \u00e1reas y territorios \u2014p\u00fablicos, privados y mixtos\u2014 con un enfoque humano que prioriza a poblaciones y comunidades en situaci\u00f3n de vulnerabilidad, incluyendo procesos de retorno y reconstrucci\u00f3n de vida.<\/p>\n<p data-start=\"684\" data-end=\"958\">\ud83d\udd39 <strong data-start=\"687\" data-end=\"711\">Asesor\u00edas integrales<\/strong><br data-start=\"711\" data-end=\"714\" \/>Fortalecemos el capital humano a trav\u00e9s de la formulaci\u00f3n y ejecuci\u00f3n de proyectos sociales, culturales y econ\u00f3micos. Promovemos el emprendimiento, la creaci\u00f3n de unidades productivas y el dise\u00f1o de infraestructuras con prop\u00f3sito comunitario.<\/p>\n<p data-start=\"960\" data-end=\"1165\">\ud83d\udd39 <strong data-start=\"963\" data-end=\"1004\">Administraci\u00f3n y gesti\u00f3n de proyectos<\/strong><br data-start=\"1004\" data-end=\"1007\" \/>Administramos unidades productivas, obras civiles y proyectos de diversa \u00edndole, garantizando calidad, sostenibilidad y resultados que generan valor social.<\/p>\n<p data-start=\"1167\" data-end=\"1434\">\ud83d\udd39 <strong data-start=\"1170\" data-end=\"1205\">Capacitaci\u00f3n en artes y oficios<\/strong><br data-start=\"1205\" data-end=\"1208\" \/>Creemos en la educaci\u00f3n como herramienta de cambio. Por eso, ofrecemos formaci\u00f3n pr\u00e1ctica que abre oportunidades laborales, fomenta el emprendimiento y empodera a las personas para construir un futuro digno y autosostenible.<\/p>\n<p data-start=\"1436\" data-end=\"1596\">\u2728 Cada servicio es m\u00e1s que una acci\u00f3n t\u00e9cnica: es un compromiso de <strong data-start=\"1503\" data-end=\"1593\">transformar vidas, sanar comunidades y sembrar esperanza para las generaciones futuras<\/strong>.[\/vc_column_text][\/vc_column][\/vc_row][vc_row][vc_column css=\u00bb.vc_custom_1475633812479{padding-right: 80px !important;}\u00bb el_class=\u00bbno-padding-xs\u00bb][vc_empty_space height=\u00bb50px\u00bb][vc_text_separator title=\u00bb\ud83e\udd1d NUESTROS CONVENIOS\u00bb color=\u00bbcustom\u00bb border_width=\u00bb2&#8243;][vc_column_text]<\/p>\n<p data-start=\"162\" data-end=\"469\">\u00a0<\/p>\n<p data-start=\"162\" data-end=\"469\">A lo largo de estos a\u00f1os, nuestra fundaci\u00f3n ha construido <strong data-start=\"220\" data-end=\"254\">lazos s\u00f3lidos y significativos<\/strong> que se convierten en motores de transformaci\u00f3n social. Cada convenio es una oportunidad para crecer, aprender y multiplicar el impacto en las comunidades, siempre manteniendo firmes nuestros principios y valores.<\/p>\n<p data-start=\"471\" data-end=\"499\">Hemos tejido alianzas con:<\/p>\n<p data-start=\"501\" data-end=\"677\">\ud83c\udfe2 <strong data-start=\"504\" data-end=\"545\">Empresas nacionales e internacionales<\/strong> en sectores como publicidad, infraestructura y construcci\u00f3n, que fortalecen nuestros proyectos con innovaci\u00f3n y respaldo t\u00e9cnico.<\/p>\n<p data-start=\"679\" data-end=\"815\">\ud83d\udc65 <strong data-start=\"682\" data-end=\"716\">Personas naturales y jur\u00eddicas<\/strong>, comerciantes y gremios que creen en el poder de la colaboraci\u00f3n para generar desarrollo social.<\/p>\n<p data-start=\"817\" data-end=\"981\">\ud83c\udfdb\ufe0f <strong data-start=\"821\" data-end=\"877\">Entidades gubernamentales, alcald\u00edas y gobernaciones<\/strong>, que nos permiten llegar a m\u00e1s territorios y ampliar nuestro alcance en beneficio de las comunidades.<\/p>\n<p data-start=\"983\" data-end=\"1106\">\ud83c\udf0d <strong data-start=\"986\" data-end=\"1032\">ONG y fundaciones de primer y segundo piso<\/strong>, que aportan experiencia, recursos y redes para multiplicar el impacto.<\/p>\n<p data-start=\"1108\" data-end=\"1254\">\ud83c\udf93 <strong data-start=\"1111\" data-end=\"1164\">Universidades, docentes y centros de conocimiento<\/strong>, que promueven la formaci\u00f3n, investigaci\u00f3n y transferencia de saberes con valor social.<\/p>\n<p data-start=\"1256\" data-end=\"1372\">\ud83d\udce1 <strong data-start=\"1259\" data-end=\"1298\">Empresas de comunicaci\u00f3n y mercadeo<\/strong>, que amplifican nuestro mensaje y nos ayudan a inspirar a m\u00e1s personas.<\/p>\n<p data-start=\"1374\" data-end=\"1506\">\ud83d\ude4c <strong data-start=\"1377\" data-end=\"1405\">Voluntarios y patronatos<\/strong>, el coraz\u00f3n humano de cada iniciativa, cuya entrega hace posible transformar sue\u00f1os en realidades.<\/p>\n<p data-start=\"1508\" data-end=\"1698\">\u2728 Cada convenio no es solo un acuerdo: es un <strong data-start=\"1553\" data-end=\"1588\">puente de confianza y esperanza<\/strong>, que nos permite cumplir la misi\u00f3n por la que fuimos creados y dejar un legado que trasciende generaciones.<\/p>\n<p style=\"text-align: center;\">[\/vc_column_text][\/vc_column][\/vc_row][vc_row][vc_column][vc_empty_space height=\u00bb30px\u00bb][vc_posts_slider count=\u00bb5&#8243; interval=\u00bb5&#8243; slides_content=\u00bbteaser\u00bb slides_title=\u00bb1&#8243; thumb_size=\u00bbfull\u00bb orderby=\u00bbdate\u00bb posttypes=\u00bbpost\u00bb title=\u00bbNoticias\u00bb][\/vc_column][\/vc_row]<\/p>\n\n\n<p><\/p>\n","protected":false},"excerpt":{"rendered":"<p>[vc_row full_width=\u00bbstretch_row_content_no_spaces\u00bb][vc_column][layerslider_vc id=\u00bb1&#8243;][\/vc_column][\/vc_row][vc_row][vc_column css=\u00bb.vc_custom_1475633812479{padding-right: 80px !important;}\u00bb el_class=\u00bbno-padding-xs\u00bb][vc_empty_space height=\u00bb50px\u00bb][vc_text_separator title=\u00bb\ud83c\udf1f NUESTROS SERVICIOS\u00bb color=\u00bbcustom\u00bb border_width=\u00bb2&#8243;][vc_column_text] \u00a0 En nuestra fundaci\u00f3n entendemos que servir es transformar. Por eso, cada uno de nuestros servicios est\u00e1 pensado para generar impacto social, fortalecer comunidades y dejar un legado sostenible en el tiempo. \ud83d\udd39 Prestaci\u00f3n de servicios, ejecuci\u00f3n e interventor\u00edaDesarrollamos y acompa\u00f1amos proyectos en diferentes \u00e1reas y territorios \u2014p\u00fablicos, privados y mixtos\u2014 con un enfoque humano que prioriza a poblaciones y comunidades en situaci\u00f3n de vulnerabilidad, incluyendo procesos de retorno y reconstrucci\u00f3n de vida. \ud83d\udd39 Asesor\u00edas integralesFortalecemos el capital humano a trav\u00e9s de la formulaci\u00f3n y ejecuci\u00f3n de proyectos sociales, culturales y econ\u00f3micos. Promovemos el emprendimiento, la creaci\u00f3n de unidades productivas y el dise\u00f1o de infraestructuras con prop\u00f3sito comunitario. \ud83d\udd39 Administraci\u00f3n y gesti\u00f3n de proyectosAdministramos unidades productivas, obras civiles y proyectos de diversa \u00edndole, garantizando calidad, sostenibilidad y resultados que generan valor social. \ud83d\udd39 Capacitaci\u00f3n en artes y oficiosCreemos en la educaci\u00f3n como herramienta de cambio. Por eso, ofrecemos formaci\u00f3n pr\u00e1ctica que abre oportunidades laborales, fomenta el emprendimiento y empodera a las personas para construir un futuro digno y autosostenible. \u2728 Cada servicio es m\u00e1s que una acci\u00f3n t\u00e9cnica: es un compromiso de transformar vidas, sanar comunidades y sembrar esperanza para las generaciones futuras.[\/vc_column_text][\/vc_column][\/vc_row][vc_row][vc_column css=\u00bb.vc_custom_1475633812479{padding-right: 80px !important;}\u00bb el_class=\u00bbno-padding-xs\u00bb][vc_empty_space height=\u00bb50px\u00bb][vc_text_separator title=\u00bb\ud83e\udd1d NUESTROS CONVENIOS\u00bb color=\u00bbcustom\u00bb border_width=\u00bb2&#8243;][vc_column_text] \u00a0 A lo largo de estos a\u00f1os, nuestra fundaci\u00f3n ha construido lazos s\u00f3lidos y significativos que se convierten en motores de transformaci\u00f3n social. Cada convenio es una oportunidad para crecer, aprender y multiplicar el impacto en las comunidades, siempre manteniendo firmes nuestros principios y valores. Hemos tejido alianzas con: \ud83c\udfe2 Empresas nacionales e internacionales en sectores como publicidad, infraestructura y construcci\u00f3n, que fortalecen nuestros proyectos con innovaci\u00f3n y respaldo t\u00e9cnico. \ud83d\udc65 Personas naturales y jur\u00eddicas, comerciantes y gremios que creen en el poder de la colaboraci\u00f3n para generar desarrollo social. \ud83c\udfdb\ufe0f Entidades gubernamentales, alcald\u00edas y gobernaciones, que nos permiten llegar a m\u00e1s territorios y ampliar nuestro alcance en beneficio de las comunidades. \ud83c\udf0d ONG y fundaciones de primer y segundo piso, que aportan experiencia, recursos y redes para multiplicar el impacto. \ud83c\udf93 Universidades, docentes [&hellip;]<\/p>\n","protected":false},"author":1,"featured_media":0,"parent":0,"menu_order":0,"comment_status":"closed","ping_status":"closed","template":"","meta":{"footnotes":""},"class_list":["post-31","page","type-page","status-publish","hentry"],"_links":{"self":[{"href":"https:\/\/masmundomaspaismasinclusion.org\/home\/wp-json\/wp\/v2\/pages\/31","targetHints":{"allow":["GET"]}}],"collection":[{"href":"https:\/\/masmundomaspaismasinclusion.org\/home\/wp-json\/wp\/v2\/pages"}],"about":[{"href":"https:\/\/masmundomaspaismasinclusion.org\/home\/wp-json\/wp\/v2\/types\/page"}],"author":[{"embeddable":true,"href":"https:\/\/masmundomaspaismasinclusion.org\/home\/wp-json\/wp\/v2\/users\/1"}],"replies":[{"embeddable":true,"href":"https:\/\/masmundomaspaismasinclusion.org\/home\/wp-json\/wp\/v2\/comments?post=31"}],"version-history":[{"count":59,"href":"https:\/\/masmundomaspaismasinclusion.org\/home\/wp-json\/wp\/v2\/pages\/31\/revisions"}],"predecessor-version":[{"id":413,"href":"https:\/\/masmundomaspaismasinclusion.org\/home\/wp-json\/wp\/v2\/pages\/31\/revisions\/413"}],"wp:attachment":[{"href":"https:\/\/masmundomaspaismasinclusion.org\/home\/wp-json\/wp\/v2\/media?parent=31"}],"curies":[{"name":"wp","href":"https:\/\/api.w.org\/{rel}","templated":true}]}}